26. Let g = y + 33. Suppose -40 = -7*k + g. Calculate the remainder when 59 is divided by k.
8
Suppose 25 = 7*a - 24. Let x(b) be the third derivative of b**4/8 + 5*b**3/2 - 18*b**2. What is the remainder when x(3) is divided by a?
3
Suppose 5*r - 149 = 2*u + 167, -2*r + 115 = 3*u. Calculate the remainder when 355 is divided by r.
45
Suppose -5*q = -5*m - 400, -5*q - 4*m + m = -376. Suppose -c + 8*c = q. Calculate the remainder when c is divided by 4.
3
Suppose -4*z + 438 = 2*y, -546 = 4*z - 9*z - 3*y. Let u(n) = -27*n**2 + 14 + 4*n + 55*n**2 - 27*n**2. What is the remainder when z is divided by u(-5)?
16
Let r(k) = 8*k**2 + 703*k + 2108. Calculate the remainder when 2199 is divided by r(-3).
69
Suppose -o = -4*g - 6*o + 304, 371 = 5*g + 4*o. Let a = -60 + g. Let x = a + 14. Calculate the remainder when x is divided by 4.
1
Let r(v) = 3*v**2 + 7*v + 6. Let f(b) = -3*b + 2. Let m be f(2). Suppose -278 = 17*l - 448. What is the remainder when r(m) is divided by l?
6
Let a = 11862 + -11837. What is the remainder when 247 is divided by a?
22
Let y(d) = -87*d**2 - 106*d - 5. Calculate the remainder when 596 is divided by y(-1).
8
Let q = 262 - 183. Let s(g) = -3*g**2 + 173*g + 196*g - 398*g + 9. Calculate the remainder when q is divided by s(-9).
25
Suppose -1302*n = -1176*n - 1134. Calculate the remainder when 7343 is divided by n.
8
Let j(n) = -3*n**3 - 27*n**2 + 65*n + 21. Calculate the remainder when 1/(-5) + (-742)/(-10) is divided by j(-11).
10
Let r = 11607 - 10871. What is the remainder when r is divided by 150?
136
Let z = 6427 + -6410. Calculate the remainder when 29 is divided by z.
12
Suppose 40 = t - 16. Let x(g) = 3*g**2 - 4*g + 57. What is the remainder when x(-6) is divided by t?
21
Let m(q) = q + 30. Let z = 79 - 79. Let j be m(z). Let i = j - -3. What is the remainder when i is divided by 10?
3
What is the remainder when 78 is divided by ((-5)/2)/((-7)/(-21)*54/(-180))?
3
Let y be -12 + 18 + (-38)/1. Calculate the remainder when 107 is divided by (406/(-232))/(2/y).
23
Suppose 0*l = 6*l - 14*l + 3992. Calculate the remainder when l is divided by 226.
47
Let x(v) = 0 + 1 + 82*v**3 + 4*v - 3*v**2 - 2 - 81*v**3. Calculate the remainder when x(4) is divided by 8.
7
Suppose -23*o = -31*o. Suppose o = 6*m - 16*m + 100. Calculate the remainder when 207 is divided by m.
7
Let q = -26878 + 26937. Calculate the remainder when 969 is divided by q.
25
Suppose -5*j + 141 = 4*a - 69, 4*a - 4*j = 156. Calculate the remainder when 45 is divided by a.
0
Let i = 25 - 1. What is the remainder when ((-1098)/(-183))/((-3)/(-35)) is divided by i?
22
Suppose -6*d + 213 = -2937. Calculate the remainder when d is divided by 168.
21
Let c(k) = -12*k**3 - 97*k**2 - 12*k - 16. Calculate the remainder when 33 is divided by c(-8).
1
Let i = 315 + -311. Suppose 2*h + i*o - 84 + 16 = 0, -2*h + 83 = o. Calculate the remainder when h is divided by 21.
2
Let b(g) = 5*g. Let u = -34 + 31. Let w be 28/70 + u/(-5). Calculate the remainder when 5 is divided by b(w).
0
Suppose 566*v = 584*v - 5652. Calculate the remainder when v is divided by 5.
4
Let h(u) = 37*u**3 - 5*u**2 + u - 6. Let p(i) = i**3 - i**2 - 1. Let d(a) = -h(a) + 6*p(a). Let y = 114 - 55. What is the remainder when y is divided by d(-1)?
28
What is the remainder when (-2)/9 + 26966/90 - 1476/3690 is divided by 61?
55
Suppose 10 = l - 2. Let j(o) = -l + 1 + 2*o + 24 - 3*o. Calculate the remainder when 68 is divided by j(-10).
22
Let n(c) = -c**3 - 12*c**2 - 2*c - 3. Let f(i) = i - 5. Let a be f(-7). Suppose -34*d + 897 = -11*d. What is the remainder when d is divided by n(a)?
18
Suppose -21*q + 5870 - 242 = 0. Suppose 2*y + 2*y - q = -5*w, y = -w + 54. What is the remainder when w is divided by 19 + ((-6)/(-2))/(-3)?
16
Let j(i) = -146*i + 1758. Calculate the remainder when j(10) is divided by 81.
55
Suppose 19 - 1 = 6*b. Suppose 3*a - 4*v - 38 = 0, -1 = b*a + 4*v + 1. Suppose 0 = -a*o - 11 + 29. Calculate the remainder when 8 is divided by o.
2
Calculate the remainder when 415 is divided by (-9690)/68*4/(-3).
35
Suppose h - 54 - 39 = 0. What is the remainder when h is divided by 6?
3
Suppose -31*g = 2112 - 9273. Suppose 8*t - g = 17. What is the remainder when 129 is divided by t?
5
Let m = -60 + 64. What is the remainder when 2 + (-15)/3 - -74 is divided by (m - 0)*(5 + (-3)/6)?
17
Suppose -g + 0 = -5. Suppose 144*x = 138*x + 18. Suppose -v - 2*v - 2*h + 139 = 0, -g*h - 167 = -x*v. What is the remainder when v is divided by 10?
9
Suppose 2*r - 5*n = 9, -3*r - 2 = 3*n - 5. Suppose 3*z = -r*p - 4 + 17, 4*p = -2*z + 22. What is the remainder when 35 is divided by p?
0
Let k be -4*(-81)/(-6) + 3. Let j = 71 + k. Suppose -r - 5*f + j = -0*f, 5*r = -4*f + 121. What is the remainder when r is divided by 6?
1
Let q be 3190/(1 + 4) - (-4 + 6). Suppose -5*h = q - 691. What is the remainder when 180 is divided by h?
4
Suppose 22*b - 191 = -3*z + 24*b, -3*b + 283 = 4*z. What is the remainder when 180 is divided by z?
46
Suppose 0 = -485*d + 481*d + 308. Let a be (-44)/(-6 + 3 + 1). Let m = a - 9. What is the remainder when d is divided by m?
12
Suppose -3*y - 8 = -5*f - 33, 0 = 2*y - 5*f - 15. Suppose 5*a - y*a + 200 = 0. Calculate the remainder when 235 is divided by a.
35
Let m = 26932 + -26675. Calculate the remainder when 797 is divided by m.
26
Suppose -4*k = 0, 58*h = 123*h - 63*h - 3*k - 508. What is the remainder when 493 is divided by h?
239
Suppose 9*l - 8*l = -17. Let q be 204/l - (1 - 4). What is the remainder when 27 is divided by 14 - 6*(-6)/q?
7
Suppose -67*n + 458*n = -561*n + 84728. Let g = 68 + -20. What is the remainder when n is divided by g?
41
Suppose 1 + 5 = 3*p. What is the remainder when 52 is divided by 13 - (-2 - 3) - p?
4
Suppose 786*k - 785*k - 1635 = m, 5*k = 4*m + 8170. What is the remainder when k is divided by 38?
34
Suppose 11*r = -2*r + 78. Let b(k) = 9*k - 15. What is the remainder when 149 is divided by b(r)?
32
Suppose 12*l = 1809 + 4371. Calculate the remainder when l is divided by 4.
3
Suppose 4*l = 4*f + 68, 4*f = -3 + 19. What is the remainder when l is divided by -14*((-116)/(-28) - 5)?
9
Let g = -74 + 2984. Calculate the remainder when g is divided by 32.
30
Suppose 0 = -g - 731 + 838. Calculate the remainder when 373 is divided by g.
52
Let y be ((-3)/(9/(-354)))/(50 + -52). Let w be -1 + 0 + 1 + -35. Let f = w - y. Calculate the remainder when f is divided by 14.
10
Let g = 25 - -9. Suppose -2*o + k + 252 = 0, 0 = 4*k - 30937 + 30873. Calculate the remainder when o is divided by g.
32
Let a(p) = p**2 - p - 7. Let z(d) = 2*d - 65. Let r(l) = -l. Let x(g) = -4*r(g) - z(g). What is the remainder when x(12) is divided by a(-5)?
20
Let m = 7 - 20. Let f = m + 46. Suppose 0 = -2*o - 3*q + 91 - 56, 2*q + 2 = 0. What is the remainder when f is divided by o?
14
Calculate the remainder when 5 + -4 + 73 - 5 is divided by 12/5*135/18.
15
Let x = 6 + 19. Suppose 699 + 226 = x*v. What is the remainder when v is divided by 15?
7
Let p = 1 + 5. Let r = 47 + -42. Suppose -2*m + 65 = t, 5*t - r*m = 3*t + 175. What is the remainder when t is divided by p?
3
Let d be (-3)/(-6) - 7/(-2). Let o be 846/34 + (-14)/(-119). Suppose 15 = 3*x - s - o, -3*s + 75 = d*x. Calculate the remainder when x is divided by 3.
0
Suppose 103*o = 109*o - 12. Suppose -o*m - 4*w = -0*w - 122, -5*m = 4*w - 335. What is the remainder when 139 is divided by m?
68
Let l(b) = -b**2 + 9*b - 6. Let o(k) be the third derivative of k**5/60 + k**4/6 - 7*k**3/6 + 19*k**2. Calculate the remainder when l(4) is divided by o(2).
4
What is the remainder when 5 + 1118 + -21 + 16 + 6 + 0 is divided by 29?
22
Let r(u) = -u**3 + 20*u**2 + 87*u - 1362. What is the remainder when 6765 is divided by r(21)?
21
What is the remainder when 2347 is divided by (-5)/(15/2) - 15730/(-330)?
44
Suppose 3*o = -f + 5, 2*f + 2*f + 5*o - 20 = 0. Let q(a) = 2*a**3 - 79*a**2 - 41*a + 63. Calculate the remainder when q(40) is divided by f.
3
Suppose 11*n - 5*n - 18 = 0. Suppose 0 = -8*l - n + 115. What is the remainder when 51 is divided by (-6)/12*2 + l?
12
Let s(n) = -420*n - 153. Calculate the remainder when s(-5) is divided by 39.
36
Let b = 77 + -54. Suppose 5*p = -3*x + 268, 137 = 2*x + 5*p - 50. What is the remainder when -10 - 9/(x/(-846)